 - 11*s**3/6 + 39*s**2/2 + 113*s - 1. Determine f(5).
9
Let s be 2*-2*9/12. Let w(d) be the first derivative of -d**4/4 + d**2/2 - 2*d + 2347. Give w(s).
22
Let s(d) = -777*d - 784*d + 1562*d + 0 - 5. Let v = 118 - 102. Give s(v).
11
Let j(o) = -2*o**2 - 11*o - 4*o - 17 + 22 + o**2 - 27. What is j(-4)?
22
Let j(x) = 7*x**2 + 61*x + 1. Let w(o) = 15*o**2 + 137*o + 3. Let g(v) = -9*j(v) + 4*w(v). Give g(1).
-1
Suppose s = -3*s + 28. Let h(z) = z**3 - 6*z**2 + 3*z - 3. Let b be h(6). Let c(j) = -2*j**2 + j + j**2 + j + 5*j - b + 9. Give c(s).
-6
Let f(x) = 410*x - 791*x + 384*x - 5. Let j(n) = n**2 + 6*n + 4. Let m be j(-6). What is f(m)?
7
Let g(k) = -27*k**3 + 24*k**2 + 4*k + 7. Let m(l) = 4*l**3 - l**2 - l - 5. Let h(r) = g(r) + 7*m(r). Calculate h(-17).
23
Suppose 0 = 3*x + 4*s, -14 = 5*x + 268*s - 266*s. Let t(m) = -7*m**2 + 4*m + 7. Calculate t(x).
-121
Let w(b) be the third derivative of b**6/120 - 7*b**5/60 + 2*b**3/3 + 2854*b**2. Give w(6).
-32
Let b = -18461 - -18449. Let n(z) = z**3 + 13*z**2 + 12*z - 38. What is n(b)?
-38
Let w(h) = 5*h**2 - 48*h - 18. Let f be w(10). Let m(i) be the first derivative of -4*i - 19 + 1/3*i**3 + 1/2*i**f. What is m(-4)?
8
Let m be ((-1)/5*(-115)/46)/((-1)/(-10)). Let x(a) = -14*a - 2. Determine x(m).
-72
Suppose 5*z + 3*n = 23, 2*z + 2*z + n - 17 = 0. Let c(y) = -z*y + 5 - 2 - 1. Let r = 13 + -7. What is c(r)?
-22
Let i be ((-1)/(-4))/(12/48). Suppose 3 + i = n. Let s(g) = -1 - 2*g**3 - g**3 - 5*g**2 + n*g**2 - 2*g. Give s(-1).
3
Let o(p) be the third derivative of 3*p**4/8 - 13*p**3/2 + 6773*p**2. Calculate o(0).
-39
Let n(k) = 3*k**2 - 145*k + 414. Let t be n(3). Let y(l) = -5*l + 36. Give y(t).
6
Let b(k) = -2*k - 30. Let y be b(-20). Let j(d) = 3 + d**2 - 12 - 17*d + 8*d. Calculate j(y).
1
Let a(v) = v. Suppose 13*h - 5750 = -12*h. Let c = -238 + h. Calculate a(c).
-8
Let z(u) = -u**2 - 10*u + 4. Let m(w) = w**2 + 12*w - 139. Let y be m(-19). Give z(y).
28
Suppose 0 = 11*p - 3 - 30. Let t(m) = -3*m**2 - 5 - m**p + 3 - 81*m + 0 + 86*m. What is t(-4)?
-6
Let k(x) = -x**3 - 2*x**2 - x + 1. Let p be k(1). Let b be 4 - ((p - -2) + 13). Let w(z) = z + 4. Let f(r) = 2. Let s(i) = -2*f(i) - 2*w(i). What is s(b)?
4
Let l(t) = -68*t**2 - 73*t**2 - 70*t**2 + 5 + 185*t**2 + 3*t**3 - 9*t. Determine l(9).
5
Let h = -7259 + 7277. Let a(o) be the third derivative of 1/2*o**3 + 0*o - h*o**2 + 0 + 5/24*o**4. What is a(-2)?
-7
Let r(l) = -l**3 - 2*l**2 + 2*l. Let i(k) = -4*k + 10. Let a = 38 - 34. Let d be i(a). Let c be -2 + -2 + d + 7. Calculate r(c).
3
Let l(s) be the third derivative of -s**6/120 - s**5/10 - 7*s**4/24 - s**3/2 - s**2 + 18*s - 31. Determine l(-4).
-7
Let v(z) = z**3 + 4*z**2 - 13*z - 3. Let w be v(-6). Suppose -4*d + d = -9, m = -w*d + 11. Suppose -m*t = -0 - 10. Let h(l) = l**2 - 8*l + 3. Give h(t).
-12
Suppose 0 = -3*c + 39 + 33. Let b be c/(-9)*12/(-8). Let u(v) = -14 + 5*v + b + 11. Give u(1).
6
Let u(o) = -3*o + 18. Let t be (4 - 6)*4/(-8). Let d be (86/10 - t) + (-2)/(-5). Determine u(d).
-6
Let p(u) be the first derivative of -7*u**2 - 11*u + 44. Let w be p(-1). Let f(v) = -v**2 + 2*v - 3. Calculate f(w).
-6
Let h be (-4 - 36/(-8))*0 - -374. Let y = h + -376. Let g(q) = -4*q. Determine g(y).
8
Let w = 8354 + -8396. Let u(j) = -j**3 - 43*j**2 - 46*j - 175. Give u(w).
-7
Let b = -6 - 16. Let z be (-143)/b - 1/(-2). Let s(c) = -8*c + 8. Let r(o) = -7*o + 8. Let k(w) = 5*r(w) - 4*s(w). Calculate k(z).
-13
Let a(g) = 5*g - 10. Let u be ((-24)/40 + 1)*10. Let l(y) = 22*y - 42. Let n(t) = u*l(t) - 18*a(t). Calculate n(8).
-4
Let q(u) = 3*u**2 + 93*u - 657. Let l be q(6). Let o(j) = -8*j + 73. Calculate o(l).
1
Suppose 48*a - 69*a = 125*a - 1168. Let d(l) = -88*l + 710. Calculate d(a).
6
Let j(c) be the second derivative of 4*c**3/3 + 5*c**2/2 - 10*c. Let s(x) = x + 1. Let d(w) = j(w) - 6*s(w). Let i = -584 - -588. Give d(i).
7
Let g(x) = -49 - 492*x + 83 + 499*x. Let u(j) = 3*j + 17. Let y(n) = -2*g(n) + 5*u(n). Give y(-12).
5
Let m(q) = 4*q**2 - 3*q - 5. Let o be m(-1). Let v(k) = k**2 + k - 7. Give v(o).
-1
Suppose 10 = -5*t + 4*g + g, -4*t + 3*g = 9. Let q(z) be the second derivative of -z**3/2 - 4*z**2 - 680*z. Give q(t).
1
Suppose -39 + 179 = 28*x. Suppose x*i - 3 - 22 = 0. Let f(w) = -w**2 + 4*w + 3. Determine f(i).
-2
Let d(u) = -3*u**2 - 3*u. Let w be d(1). Let l(m) = m**2 + 4*m - 8. Let v be l(w). Let z = 4 + v. Let q(t) = 2*t - 10. Calculate q(z).
6
Let c(q) be the second derivative of 11*q**3/6 - 95*q**2 - 94*q + 2. Calculate c(17).
-3
Let u(h) = 16*h**2 - 9*h + 13. Let l(m) = 4*m**2 - 2*m + 3. Let c(d) = -13*l(d) + 3*u(d). Calculate c(2).
-18
Let r(x) = x**3 - 4*x**2 - 8*x + 10. Suppose 4*y = 4*u - y + 9, -5*u + 3*y = -5. Determine r(u).
-22
Let v(r) = -r + 4. Suppose -3*o + 21 = -6. Suppose z - 8 = -4*s + 3, 2*z - 5*s - o = 0. Give v(z).
-3
Suppose -3*h = 1 + 5, 0 = -c + 4*h + 3. Suppose -21*g + 55 + 50 = 0. Let t(u) = 12 + 23 + g*u - 4*u**2 + 18 - 46 - u**3. Determine t(c).
7
Let o(x) = x**3 + 5*x**2 + 4*x + 1. Let r be o(-4). Let v be (-2)/(-16) + 426/48. Suppose -r = -5*w + v. Let d(t) = -5*t - 2. Give d(w).
-12
Let m(y) = 8 + 25 - 56 + 1 + 9 + 4 - 2*y. Let i be (3 - 11)*(-1)/(-2). Determine m(i).
-1
Let l(b) = 4*b + 96. Let k be l(-22). Let h(m) be the second derivative of m**4/12 - 5*m**3/3 + 7*m**2 - 118*m. What is h(k)?
-2
Let c(h) = -16*h**3 - 5*h**2 + 30*h + 12. Let v(a) = -3*a**3 + 4*a. Let l(z) = c(z) - 5*v(z). What is l(-6)?
-12
Let w(n) = -n**2 - n + 4. Suppose 0 = 6*u - 134 + 8. Suppose -j = -12 - u. Let m = 30 - j. Determine w(m).
-2
Let x(j) be the second derivative of -1 - 9*j - 1/2*j**2 + 1/6*j**3. Let h = -5 + 2. Determine x(h).
-4
Let j(k) = 4*k**2 - 6*k + 5. Let b(z) = 3*z**2 - 9*z + 6. Let y(r) = -3*b(r) + 2*j(r). Give y(14).
6
Let k be ((-737)/77 - -10) + (-20)/(-35). Let u = 4 - 2. Let r(q) = 0 + u - 3 - 2*q. Determine r(k).
-3
Suppose 4*q - 2*k = -0*q + 62152, 5*k = -4*q + 62166. Let l(w) = q + w - 2*w**2 - 15539. Let d(x) = x**2 - 10*x + 7. Let u be d(9). Determine l(u).
-10
Let i(o) = -7*o**2 + 48*o - 11. Let r(d) = 18*d**2 - 121*d + 26. Let l(j) = 26*i(j) + 10*r(j). Give l(18).
10
Let z(u) = -4*u**2 + 22*u - 28. Let v(x) = 5*x**2 - 24*x + 23. Let c(b) = 3*v(b) + 4*z(b). Determine c(13).
-4
Suppose 5*c + 4*y + 0*y = 11, 4*y = -c + 15. Let r be -1*(1/(-2))/(c/(-2)). Let v(k) = k + 2. Determine v(r).
3
Let a(v) be the second derivative of v**4/3 - 7*v**3/3 + 9*v**2/2 + 66*v. Let s(r) = 3*r**2 - 14*r + 8. Let k(b) = 2*a(b) - 3*s(b). Give k(13).
7
Let l = 4442 - 4442. Let x(a) = -3*a - 6. Calculate x(l).
-6
Let c(u) = u**2 + 3*u - 6. Suppose 148 = i - r - 123, -4*r - 808 = -3*i. Suppose 3*w + 291 = i. What is c(w)?
4
Let f be ((-20)/(-75))/((-1)/(-15)). Let q(k) be the second derivative of 5/2*k**2 - 1/2*k**f - 1/6*k**3 - 12*k + 0 - 1/20*k**5. What is q(-5)?
-15
Suppose 4 = 11*g + 15. Let r(v) = -2*v + 1. Let p(t) = -t**3 - 7*t**2 - t - 3. Let d(y) = g*p(y) - 3*r(y). Give d(-5).
15
Let h(k) = 58*k + 157. Let q be h(5). Let r = q + -447. Let y(b) = -b**2 - 15. Calculate y(r).
-15
Let c(d) be the third derivative of d**6/120 - d**5/10 + 5*d**3/6 - 2*d**2 + 3. Let r(n) = n**3 - 6*n**2 - n + 6. Let p(t) = -5*c(t) + 4*r(t). Give p(3).
14
Let y(j) be the first derivative of -j + 1/3*j**3 + 1/2*j**2 + 5. Let o(p) = -6*p**3 - 5*p**2 - 6*p + 5. Let f(k) = -o(k) - 6*y(k). Give f(-1).
-6
Let b(k) = 9*k**2 - 1. Let i be ((-63)/(-12) - (-29)/(-116)) + -6. Give b(i).
8
Let j(w) = -157 + 4*w - 73 + 225 - w**2. Suppose -3*r + 4*k + 24 = -2*r, -37 = -3*r + 5*k. What is j(r)?
-5
Let u(w) = 2*w - 1. Let z(q) be the first derivative of 3*q**2/2 - 13. Let b(l) = -2*u(l) + 3*z(l). Give b(-2).
-8
Let r be -2*(1 - 3/6). Let o(w) = -9*w - 9. Let b(h) = 7*h + 7. Let k(f) = -5*b(f) - 4*o(f). What is k(r)?
0
Suppose -5*n = 3*z - 85, n = -3*z + 33 - 4. Let i(u) = u**3 - 13*u**2 - 15*u + 30. What is i(n)?
16
Let o(v) = -4*v - 6. Let a(n) = n**3 + 9*n**2 + 18*n + 23. Let j be a(-7). Let x(p) = 7*p + 11. Let w(g) = j*o(g) - 3*x(g). Determine w(-3).
0
Suppose -600 = -5*s + t - 601, 0 = 2*t - 12. Let b(f) = -14*f + 16. What is b(s)?
2
Suppose s - 5*n - 38 = 0, 2*s - 28*n + 31*n = 11. Let f(g) = g**2 - 16*g + 40. Give f(s).
1
Let b(r) = -2*r + 2. Let m(k) = -2. Let j(q) = -3*b(q) - 4*m(q). Let